3*j. Is j prime?
False
Let l be (-48)/(-27) - (-4)/18. Suppose -l*n + 0*w = 5*w - 148, 162 = 2*n - 2*w. Is n a prime number?
True
Suppose -u = 3*u - 2*u. Is u + -3 - (-2298 + -26) composite?
True
Let k(j) = j**3 + 12*j**2 - 6*j + 17. Let y be (-27)/12*(-32)/(-6). Is k(y) a composite number?
False
Let d = -5098 - -12309. Is d composite?
False
Let a(o) = o**2 + o - 3. Let r be a(5). Suppose -66 - r = -l. Is l a prime number?
False
Suppose 2*k = -3*n + 69275, 4*n + 14*k - 11*k - 92366 = 0. Is n a prime number?
False
Suppose 3*g - 4*g + 3*l + 5 = 0, -3*g + l + 7 = 0. Let q(n) = g*n + 33 - 2*n - n. Is q(0) a composite number?
True
Suppose 0 = 4*w, -543 - 357 = -5*q - 3*w. Let v = q + -91. Is v prime?
True
Let r(d) = 61*d + 141. Is r(20) composite?
False
Let a(y) = 3076*y + 47. Is a(9) composite?
True
Suppose -49958 = -k - x, -3*k + 3*x + 15059 + 134791 = 0. Is k composite?
True
Let r = 22542 + -15354. Suppose -3*w = -7*w + r. Is w/4 - 12/48 composite?
False
Let i = 50 - 48. Suppose 5*d - 309 = i*d. Is d composite?
False
Let i(s) = 1666*s**2 + 136*s - 13. Is i(8) a prime number?
True
Let j be 59 - ((-18)/63)/(1/(-7)). Let y = -23 + -11. Let o = j + y. Is o a prime number?
True
Let i = 102587 + -70224. Is i prime?
True
Let s(a) = 4*a**3 + 8*a**2 - 9*a + 3. Let b(c) = -c**2 + 19*c + 6. Let k be b(19). Is s(k) composite?
True
Let h(j) = 4*j - 5. Is h(16) a composite number?
False
Let q = -46916 - -72301. Is q composite?
True
Let f = -164 + 657. Is f composite?
True
Let v(z) = z**2 + 6*z - 10. Let i be v(-6). Let p = 15 + i. Suppose 578 - 133 = p*o. Is o a composite number?
False
Let i(o) = -3409*o - 119. Is i(-12) composite?
True
Suppose 2*a - 2622 = -4*c, -4*c = -0*a + 5*a - 2607. Suppose l = -l + c. Is l a composite number?
True
Suppose 3*u - 4*i = 35, -u - 5 = 2*i - 0*i. Suppose u*s + 2*m - 815 = 0, m = s - 3*s + 327. Is s composite?
True
Suppose 0 = -11*p + 15*p - 24. Suppose -4972 = 2*f - p*f. Is f composite?
True
Let u = 297 + -191. Suppose -6*c + 815 + 103 = 0. Let f = u + c. Is f a composite number?
True
Suppose -472332 = -18*u - 10*u. Is u a composite number?
True
Let m(w) = 5*w + 10. Suppose -l = 5 + 1. Let k be 7 - l/(-4 - -1). Is m(k) prime?
False
Let c be 84 + (3 + -2 - -1). Let a(h) = 14*h + 51. Let z be a(-5). Let n = c + z. Is n composite?
False
Let j be -5 + 15 - (1 + 2). Suppose -3*o + j*o = 340. Is o composite?
True
Suppose 0 = -3*w + 8*w - 40. Suppose 2*a + 2*t - 14 = 0, 2*t - 6*t = w. Let n = a + 136. Is n a prime number?
False
Suppose 0 = -7*d + 64 + 6. Suppose 2*x + 9 = 4*x + 5*c, d = 4*x + 2*c. Suppose -x*i + 542 = -856. Is i a composite number?
True
Suppose 4*f = -43 - 433. Let v = f - -1404. Suppose -4*k + 863 = -v. Is k composite?
True
Let r be -10*(1/2 - 0). Let l = 45 + 11. Let b = r + l. Is b a composite number?
True
Let l be (-12)/28 + (-20)/(-14). Is ((1326 - 2)/l)/2 prime?
False
Suppose 0 = -2*v - 10. Let x = -7 - v. Is (-8)/12*327/x composite?
False
Let o = -1282 + 505. Let n = 1298 + o. Is n prime?
True
Suppose -4*k + 8*k = -2*l - 14, 4*l + k + 14 = 0. Let h = 80 + l. Is h composite?
True
Suppose 27*n = 22*n + 194515. Is n prime?
True
Let w(k) = -k + 3*k + 10 - 4*k. Let c(m) = -14*m + 28. Let d be c(2). Is w(d) composite?
True
Suppose 3*q - 26*g = -30*g + 11057, 2*q + 5*g = 7369. Is q a prime number?
False
Let r(l) = -71*l - 11. Let y = 25 - 27. Is r(y) a prime number?
True
Is (3990036/(-136))/(9/(-6)) a prime number?
True
Let f = 14 - 7. Suppose f*j - 6*j = -1. Is (-5056)/(-24) - j/3 composite?
False
Let u(v) = v**2 - 3*v + 3137. Is u(0) a composite number?
False
Suppose -3*n + 7*n - 3*i - 3490 = 0, -4*n = -2*i - 3488. Is n a composite number?
True
Suppose 3*w - 552 + 2448 = -2*d, 3*d = -4*w - 2528. Let k be 2/((-4)/w - 0). Suppose 0*l = -4*l + k. Is l composite?
False
Suppose 18692 = 4*s - 2*s. Is s prime?
False
Suppose -2*c - 5*z = -4*c + 1556, -c = 2*z - 796. Let k = c - -1107. Is k a composite number?
True
Is (1180/(-30))/((10/4569)/(-5)) prime?
False
Let x be (-48)/(-10) + 13/65. Suppose 0 = -3*q - o + 3*o + 11, 2*q = -x*o + 20. Suppose -349 = 2*k - 5*k - q*a, a + 337 = 3*k. Is k composite?
False
Suppose -k - 1084 = -2*a, 2*a + k = -k + 1078. Suppose -5*g + 2*i + a + 3436 = 0, -5*g + 4001 = 4*i. Is g prime?
True
Let t = -24 - -16. Let n be (-2)/t - (-567)/(-28). Is (-85 - 1)*110/n prime?
False
Suppose -2*o - 4*n = 204, -2*n = -o - 3*n - 98. Let g = o + 203. Is g a prime number?
True
Suppose -4*a + 2*a = 5*k - 17, -2*k + 22 = -3*a. Suppose 5*y = 2*u - 461 - 639, 3*u + y = 1684. Suppose u + 635 = k*q. Is q a prime number?
True
Let y be 5/10 - 627/(-2). Suppose y = 4*p - 38. Is p/2 + -1 + 0 prime?
True
Let f(c) = -3*c**3 + 73*c**2 - 34*c - 1. Is f(17) composite?
False
Suppose -8*j = -7*j - 1818. Suppose z = -2*o - 0*o + 1838, j = 2*o - 4*z. Is o a composite number?
True
Let w(c) = 470*c**2 - 20*c - 19. Is w(-6) a prime number?
True
Suppose 0*v - 5*c + 10 = 4*v, 2*c - 4 = v. Suppose -5*a - 3*p + 1240 = v, -3*p - 743 = -3*a - 5*p. Is a a prime number?
True
Let k(i) = -4 + 86*i + 34*i - 19 + 206*i. Is k(11) composite?
True
Suppose -6*c = -3*c - 228. Let y = 113 - c. Is y prime?
True
Let h = 8691 + -5050. Is h composite?
True
Suppose -5*c - 82032 = -21*c. Is c prime?
False
Let j = -15 - -18. Suppose 0 = -j*o + 5 + 4. Suppose o*h + 16 = 1129. Is h prime?
False
Let w = -21 + 26. Suppose -1486 = -4*f + 3*p, w*f + 0*p - 2*p = 1861. Is f a prime number?
True
Let n = 15 - 9. Let t = n - -1. Suppose -t*o = -2*o - 370. Is o composite?
True
Let x(a) = -2*a - 1. Let m be x(-2). Suppose 1133 = m*g + 380. Is g prime?
True
Suppose 0 = -12*p + 6201 + 26259. Is p a prime number?
False
Is 1082/((-8)/(-32) - (-28)/16) composite?
False
Let w(l) = l**2 + 11*l - 9. Let c be w(-12). Let r(q) be the first derivative of 4*q**3 + q**2/2 + 1. Is r(c) prime?
False
Let k = -42 + 53. Suppose k*r + 604 - 2199 = 0. Is r a prime number?
False
Suppose 3*t = 4*t - 4. Let p be 3024/40 - (-2)/5. Suppose -t*k + 0*k + p = 0. Is k a prime number?
True
Let v(a) = 587*a**2 - 4*a + 71. Is v(6) composite?
False
Let g = -490 + 3105. Suppose -4*t = -t - 3*a - 1548, 0 = 5*t + 2*a - g. Is t a composite number?
False
Let j(b) = -b**3 + 2*b**2 + b + 4. Let n be j(3). Let a be -14 + 16 - n/1. Suppose 5*p + x - 1474 = 0, a*p + 5*x - 585 = 2*p. Is p prime?
False
Let l(h) = h**3 + 53*h**2 + 59*h + 99. Is l(-40) composite?
False
Suppose -4*a + 18 = -6. Let b be (1*6)/((-9)/a). Is ((-8)/2)/b + 160 composite?
True
Suppose 17*q - 20*q = 87. Let o = 34 + q. Suppose -o*z = -9*z + 1652. Is z prime?
False
Suppose 21*v - 192 = 37*v. Suppose 2*d - 2*k = 3*k + 55, -d - 2*k + 23 = 0. Let z = d + v. Is z prime?
True
Let q(k) = -k**3 + 27*k**2 + 27*k + 15. Let p be q(28). Is (-1053)/p - 1/((-1)/(-2)) prime?
True
Suppose -31 = 5*y - 391. Let v = 267 - y. Suppose -4*u = t - v, -u + 4*u = -3. Is t prime?
True
Suppose 3*q + r - 27389 = -3*r, 0 = 4*q - r - 36506. Is q a prime number?
True
Let d = -15 + 18. Suppose d*m = 6*m - 10299. Is m composite?
False
Is (-20)/160 - (-536434)/(-16)*-1 a composite number?
True
Suppose 3*k = 2*c + 93608, 0*c + c - 5 = 0. Let r be 2/((-4)/k*3). Is r/(-35) + 2/5 prime?
True
Let i = -21281 - -35864. Is i composite?
True
Let s be 1088/(-10) - (-6 + 155/25). Let p = s - -482. Is p composite?
False
Is 2/11 - (-44485)/55 composite?
False
Let v = -3639 + 5380. Is v a composite number?
False
Let n = 25 + -24. Is n/(4 - 3) + 6834 a composite number?
True
Let b(o) = 1191*o**2 + 341*o**2 - 5*o + 9*o - 5*o - 2. Let p be b(2). Suppose -p - 1703 = -3*a. Is a prime?
True
Let l = 2024 - -2653. Is l composite?
True
Let r = -1279 - -2373. Is r a prime number?
False
Suppose 0 = -2*n + 4*t + 412, 0 = 4*n + 5*t - 150 - 726. Let u = n + -147. Is u composite?
False
Let u be 4 - (2 - 1) - -140. Let r = -235 + 457. Let w = r - u. Is w a composite number?
False
Is 40/(-16)*(-2)/1*109 a composite number?
True
Let s(z) = 43*z**2 - 4*z - 5. Suppose -3*u - 5*x = 17, -5*u - 4*x - 8 = 16. Let k be s(u). Suppose 3*l = -0*l + k. Is l a composite number?
False
Let f(l) = 254*l**2 + 10*l + 99. Is f(-6) composite?
True
Is (-2)/3*6/(-12)*5829 prime?
False
Let o(l) = -258*l - 95. Is o(-17) a composite number?
True
Let v be 0 - -5 - (6 + -3). Is ((-129)/v)/(21/(-42)) prime?
False
Suppose 0